{"id":1935,"date":"2024-01-03T18:09:21","date_gmt":"2024-01-03T21:09:21","guid":{"rendered":"https:\/\/hlospioneros.com.ar\/?page_id=1935"},"modified":"2025-02-04T15:06:06","modified_gmt":"2025-02-04T18:06:06","slug":"aventuras","status":"publish","type":"page","link":"https:\/\/hlospioneros.com.ar\/index.php\/aventuras\/","title":{"rendered":"Aventuras"},"content":{"rendered":"\t\t<div data-elementor-type=\"wp-page\" data-elementor-id=\"1935\" class=\"elementor elementor-1935\">\n\t\t\t\t\t\t\t\t\t<section class=\"elementor-section elementor-top-section elementor-element elementor-element-01ac714 elementor-section-full_width elementor-section-height-default elementor-section-height-default\" data-id=\"01ac714\" data-element_type=\"section\">\n\t\t\t\t\t\t<div class=\"elementor-container elementor-column-gap-default\">\n\t\t\t\t\t<div class=\"elementor-column elementor-col-100 elementor-top-column elementor-element elementor-element-4d5f809\" data-id=\"4d5f809\" data-element_type=\"column\">\n\t\t\t<div class=\"elementor-widget-wrap elementor-element-populated\">\n\t\t\t\t\t\t\t\t<div class=\"elementor-element elementor-element-ce9afd0 elementor-widget-mobile__width-initial elementor-widget elementor-widget-cs_title\" data-id=\"ce9afd0\" data-element_type=\"widget\" data-widget_type=\"cs_title.default\">\n\t\t\t\t<div class=\"elementor-widget-container\">\n\t\t\t\n        <div class=\"cs-title-wrap text-center text-center-mobile\">\t            <div class=\"cs-title-text\">\n\t                <p><div id=\"metaslider-id-4029\" style=\"width: 100%; margin: 0 auto;\" class=\"ml-slider-3-90-1 metaslider metaslider-flex metaslider-4029 ml-slider ms-theme-default nav-hidden\" role=\"region\" aria-roledescription=\"Slideshow\" aria-label=\"aventuras\">\n    <div id=\"metaslider_container_4029\">\n        <div id=\"metaslider_4029\">\n            <ul class='slides'>\n                <li style=\"display: block; width: 100%;\" class=\"slide-4030 ms-image \" aria-roledescription=\"slide\" aria-label=\"slide-4030\"><img decoding=\"async\" width=\"2560\" height=\"1152\" src=\"https:\/\/hlospioneros.com.ar\/wp-content\/uploads\/2025\/01\/slide-experiencias-3.jpg\" class=\"slider-4029 slide-4030\" alt=\"\" rel=\"\" title=\"slide-experiencias-3\" srcset=\"https:\/\/hlospioneros.com.ar\/wp-content\/uploads\/2025\/01\/slide-experiencias-3.jpg 2560w, https:\/\/hlospioneros.com.ar\/wp-content\/uploads\/2025\/01\/slide-experiencias-3-300x135.jpg 300w, https:\/\/hlospioneros.com.ar\/wp-content\/uploads\/2025\/01\/slide-experiencias-3-1024x461.jpg 1024w, https:\/\/hlospioneros.com.ar\/wp-content\/uploads\/2025\/01\/slide-experiencias-3-768x346.jpg 768w, https:\/\/hlospioneros.com.ar\/wp-content\/uploads\/2025\/01\/slide-experiencias-3-1536x691.jpg 1536w, https:\/\/hlospioneros.com.ar\/wp-content\/uploads\/2025\/01\/slide-experiencias-3-2048x922.jpg 2048w, https:\/\/hlospioneros.com.ar\/wp-content\/uploads\/2025\/01\/slide-experiencias-3-1920x864.jpg 1920w, https:\/\/hlospioneros.com.ar\/wp-content\/uploads\/2025\/01\/slide-experiencias-3-1440x648.jpg 1440w, https:\/\/hlospioneros.com.ar\/wp-content\/uploads\/2025\/01\/slide-experiencias-3-1200x540.jpg 1200w, https:\/\/hlospioneros.com.ar\/wp-content\/uploads\/2025\/01\/slide-experiencias-3-780x351.jpg 780w, https:\/\/hlospioneros.com.ar\/wp-content\/uploads\/2025\/01\/slide-experiencias-3-600x270.jpg 600w, https:\/\/hlospioneros.com.ar\/wp-content\/uploads\/2025\/01\/slide-experiencias-3-550x248.jpg 550w, https:\/\/hlospioneros.com.ar\/wp-content\/uploads\/2025\/01\/slide-experiencias-3-370x167.jpg 370w, https:\/\/hlospioneros.com.ar\/wp-content\/uploads\/2025\/01\/slide-experiencias-3-255x115.jpg 255w\" sizes=\"(max-width: 2560px) 100vw, 2560px\" \/><\/li>\n                <li style=\"display: none; width: 100%;\" class=\"slide-4031 ms-image \" aria-roledescription=\"slide\" aria-label=\"slide-4031\"><img decoding=\"async\" width=\"2560\" height=\"1152\" src=\"https:\/\/hlospioneros.com.ar\/wp-content\/uploads\/2025\/01\/slide-experiencias-1.jpg\" class=\"slider-4029 slide-4031\" alt=\"\" rel=\"\" title=\"slide-experiencias-1\" srcset=\"https:\/\/hlospioneros.com.ar\/wp-content\/uploads\/2025\/01\/slide-experiencias-1.jpg 2560w, https:\/\/hlospioneros.com.ar\/wp-content\/uploads\/2025\/01\/slide-experiencias-1-300x135.jpg 300w, https:\/\/hlospioneros.com.ar\/wp-content\/uploads\/2025\/01\/slide-experiencias-1-1024x461.jpg 1024w, https:\/\/hlospioneros.com.ar\/wp-content\/uploads\/2025\/01\/slide-experiencias-1-768x346.jpg 768w, https:\/\/hlospioneros.com.ar\/wp-content\/uploads\/2025\/01\/slide-experiencias-1-1536x691.jpg 1536w, https:\/\/hlospioneros.com.ar\/wp-content\/uploads\/2025\/01\/slide-experiencias-1-2048x922.jpg 2048w, https:\/\/hlospioneros.com.ar\/wp-content\/uploads\/2025\/01\/slide-experiencias-1-1920x864.jpg 1920w, https:\/\/hlospioneros.com.ar\/wp-content\/uploads\/2025\/01\/slide-experiencias-1-1440x648.jpg 1440w, https:\/\/hlospioneros.com.ar\/wp-content\/uploads\/2025\/01\/slide-experiencias-1-1200x540.jpg 1200w, https:\/\/hlospioneros.com.ar\/wp-content\/uploads\/2025\/01\/slide-experiencias-1-780x351.jpg 780w, https:\/\/hlospioneros.com.ar\/wp-content\/uploads\/2025\/01\/slide-experiencias-1-600x270.jpg 600w, https:\/\/hlospioneros.com.ar\/wp-content\/uploads\/2025\/01\/slide-experiencias-1-550x248.jpg 550w, https:\/\/hlospioneros.com.ar\/wp-content\/uploads\/2025\/01\/slide-experiencias-1-370x167.jpg 370w, https:\/\/hlospioneros.com.ar\/wp-content\/uploads\/2025\/01\/slide-experiencias-1-255x115.jpg 255w\" sizes=\"(max-width: 2560px) 100vw, 2560px\" \/><\/li>\n                <li style=\"display: none; width: 100%;\" class=\"slide-4032 ms-image \" aria-roledescription=\"slide\" aria-label=\"slide-4032\"><img decoding=\"async\" width=\"2560\" height=\"1152\" src=\"https:\/\/hlospioneros.com.ar\/wp-content\/uploads\/2025\/01\/slide-experiencias-2.jpg\" class=\"slider-4029 slide-4032\" alt=\"\" rel=\"\" title=\"slide-experiencias-2\" srcset=\"https:\/\/hlospioneros.com.ar\/wp-content\/uploads\/2025\/01\/slide-experiencias-2.jpg 2560w, https:\/\/hlospioneros.com.ar\/wp-content\/uploads\/2025\/01\/slide-experiencias-2-300x135.jpg 300w, https:\/\/hlospioneros.com.ar\/wp-content\/uploads\/2025\/01\/slide-experiencias-2-1024x461.jpg 1024w, https:\/\/hlospioneros.com.ar\/wp-content\/uploads\/2025\/01\/slide-experiencias-2-768x346.jpg 768w, https:\/\/hlospioneros.com.ar\/wp-content\/uploads\/2025\/01\/slide-experiencias-2-1536x691.jpg 1536w, https:\/\/hlospioneros.com.ar\/wp-content\/uploads\/2025\/01\/slide-experiencias-2-2048x922.jpg 2048w, https:\/\/hlospioneros.com.ar\/wp-content\/uploads\/2025\/01\/slide-experiencias-2-1920x864.jpg 1920w, https:\/\/hlospioneros.com.ar\/wp-content\/uploads\/2025\/01\/slide-experiencias-2-1440x648.jpg 1440w, https:\/\/hlospioneros.com.ar\/wp-content\/uploads\/2025\/01\/slide-experiencias-2-1200x540.jpg 1200w, https:\/\/hlospioneros.com.ar\/wp-content\/uploads\/2025\/01\/slide-experiencias-2-780x351.jpg 780w, https:\/\/hlospioneros.com.ar\/wp-content\/uploads\/2025\/01\/slide-experiencias-2-600x270.jpg 600w, https:\/\/hlospioneros.com.ar\/wp-content\/uploads\/2025\/01\/slide-experiencias-2-550x248.jpg 550w, https:\/\/hlospioneros.com.ar\/wp-content\/uploads\/2025\/01\/slide-experiencias-2-370x167.jpg 370w, https:\/\/hlospioneros.com.ar\/wp-content\/uploads\/2025\/01\/slide-experiencias-2-255x115.jpg 255w\" sizes=\"(max-width: 2560px) 100vw, 2560px\" \/><\/li>\n            <\/ul>\n        <\/div>\n        \n    <\/div>\n<\/div><\/p>\t            <\/div>        <\/div>\t\t<\/div>\n\t\t\t\t<\/div>\n\t\t\t\t\t<\/div>\n\t\t<\/div>\n\t\t\t\t\t\t\t<\/div>\n\t\t<\/section>\n\t\t<div class=\"elementor-element elementor-element-811c704 e-flex e-con-boxed e-con e-parent\" data-id=\"811c704\" data-element_type=\"container\" id=\"IDkayak\" data-settings=\"{&quot;content_width&quot;:&quot;boxed&quot;}\" data-core-v316-plus=\"true\">\n\t\t\t\t\t<div class=\"e-con-inner\">\n\t\t\t\t<div class=\"elementor-element elementor-element-274bcc9 elementor-widget elementor-widget-cs_title\" data-id=\"274bcc9\" data-element_type=\"widget\" data-widget_type=\"cs_title.default\">\n\t\t\t\t<div class=\"elementor-widget-container\">\n\t\t\t\n        <div class=\"cs-title-wrap text-center\">\t            <div class=\"cs-subtitle-wrap\"><span class=\"cs-subtitle\">aventuras<\/span><\/div>\t            <h4 class=\"cs-title\">\n\t                Kayak\t            <\/h4>\t            <div class=\"cs-title-text\">\n\t                <p>La gran mayor\u00eda de los r\u00edos y lagos de la regi\u00f3n son aptos para la canoa y el kayak, prefiri\u00e9ndose el kayak para r\u00edos r\u00e1pidos y la canoa para navegaci\u00f3n en lagos y r\u00edos de menor corriente. En invierno y primavera son las estaciones en las que hay m\u00e1s caudal de agua que genera muy buenas correntadas, aunque su temperatura es siempre muy baja por originarse en las altas cumbres andinas.<\/p>\t            <\/div>        <\/div>\t\t<\/div>\n\t\t\t\t<\/div>\n\t\t\t\t\t<\/div>\n\t\t\t\t<\/div>\n\t\t<div class=\"elementor-element elementor-element-3c40c5a e-flex e-con-boxed e-con e-parent\" data-id=\"3c40c5a\" data-element_type=\"container\" data-settings=\"{&quot;content_width&quot;:&quot;boxed&quot;}\" data-core-v316-plus=\"true\">\n\t\t\t\t\t<div class=\"e-con-inner\">\n\t\t\t\t<div class=\"elementor-element elementor-element-d723266 elementor-widget__width-auto elementor-widget elementor-widget-cs_gallery\" data-id=\"d723266\" data-element_type=\"widget\" data-widget_type=\"cs_gallery.default\">\n\t\t\t\t<div class=\"elementor-widget-container\">\n\t\t\t\n            <div class=\"cs-gallery gap-0 gallery-carousel\" data-column=\"1\" data-fade=\"off\" data-autoplay=\"off\" data-autoplay-speed=\"5000\" data-show-arrows=\"on\" data-show-dots=\"on\" data-variable-width=\"off\" data-overflow-style=\"\" data-center-mode=\"off\">\n                <div class=\"cs-gallery-wrap\">                    <div class=\"cs-gallery-item\"><img decoding=\"async\" src=\"https:\/\/hlospioneros.com.ar\/wp-content\/uploads\/elementor\/thumbs\/kayak_03-1024x400-1-qhv6xbh021a4po93cr1g0lq26h2dy4snr3twbnbmis.jpg\" title=\"kayak_03-1024&#215;400\" alt=\"kayak_03-1024x400\" loading=\"lazy\" \/>                    <\/div>                <\/div>\n            <\/div>\t\t<\/div>\n\t\t\t\t<\/div>\n\t\t\t\t\t<\/div>\n\t\t\t\t<\/div>\n\t\t\t\t<section class=\"elementor-section elementor-top-section elementor-element elementor-element-bdd7054 elementor-section-boxed elementor-section-height-default elementor-section-height-default\" data-id=\"bdd7054\" data-element_type=\"section\" id=\"IDTrekking\">\n\t\t\t\t\t\t<div class=\"elementor-container elementor-column-gap-no\">\n\t\t\t\t\t<div class=\"elementor-column elementor-col-100 elementor-top-column elementor-element elementor-element-f24e1a1\" data-id=\"f24e1a1\" data-element_type=\"column\">\n\t\t\t<div class=\"elementor-widget-wrap elementor-element-populated\">\n\t\t\t\t\t\t\t\t<div class=\"elementor-element elementor-element-95ac6fd elementor-widget elementor-widget-cs_title\" data-id=\"95ac6fd\" data-element_type=\"widget\" data-widget_type=\"cs_title.default\">\n\t\t\t\t<div class=\"elementor-widget-container\">\n\t\t\t\n        <div class=\"cs-title-wrap text-center\">\t            <div class=\"cs-subtitle-wrap\"><span class=\"cs-subtitle\">Aventuras<\/span><\/div>\t            <h4 class=\"cs-title\">\n\t                Trekking\t            <\/h4>\t            <div class=\"cs-title-text\">\n\t                <p>Caminantes de todo el mundo se aventuran por estas tierras para conocerlas<br aria-hidden=\"true\" \/>como nadie. No hay l\u00edmites de edad, sexo o condici\u00f3n f\u00edsica para internarse<br aria-hidden=\"true\" \/>por nuestros caminos y entrar en contacto directo con la naturaleza. Explorar<br aria-hidden=\"true\" \/>y ser parte de impactantes escenarios naturales, una experiencia f\u00edsica y<br aria-hidden=\"true\" \/>espiritual inolvidable.<\/p>\t            <\/div>        <\/div>\t\t<\/div>\n\t\t\t\t<\/div>\n\t\t\t\t<div class=\"elementor-element elementor-element-b6a4684 cs-animation-small-offset elementor-invisible elementor-widget elementor-widget-cs_gallery\" data-id=\"b6a4684\" data-element_type=\"widget\" data-settings=\"{&quot;_animation&quot;:&quot;fadeInUp&quot;,&quot;_animation_delay&quot;:200}\" data-widget_type=\"cs_gallery.default\">\n\t\t\t\t<div class=\"elementor-widget-container\">\n\t\t\t\n            <div class=\"cs-gallery gap-0 gallery-carousel\" data-column=\"1\" data-fade=\"off\" data-autoplay=\"off\" data-autoplay-speed=\"5000\" data-show-arrows=\"on\" data-show-dots=\"on\" data-variable-width=\"off\" data-overflow-style=\"\" data-center-mode=\"off\">\n                <div class=\"cs-gallery-wrap\">                    <div class=\"cs-gallery-item\"><img decoding=\"async\" src=\"https:\/\/hlospioneros.com.ar\/wp-content\/uploads\/elementor\/thumbs\/trekking_02-qhv9jyty8gujs4rpo5w1l7vzk8jy0xjn3kp0zozhz8.jpg\" title=\"trekking_02\" alt=\"trekking_02\" loading=\"lazy\" \/>                    <\/div>                <\/div>\n            <\/div>\t\t<\/div>\n\t\t\t\t<\/div>\n\t\t\t\t\t<\/div>\n\t\t<\/div>\n\t\t\t\t\t\t\t<\/div>\n\t\t<\/section>\n\t\t<div class=\"elementor-element elementor-element-28e3e3b e-flex e-con-boxed e-con e-parent\" data-id=\"28e3e3b\" data-element_type=\"container\" id=\"IDCabalgatas\" data-settings=\"{&quot;content_width&quot;:&quot;boxed&quot;}\" data-core-v316-plus=\"true\">\n\t\t\t\t\t<div class=\"e-con-inner\">\n\t\t\t\t<div class=\"elementor-element elementor-element-3b4c141 elementor-widget elementor-widget-cs_title\" data-id=\"3b4c141\" data-element_type=\"widget\" data-widget_type=\"cs_title.default\">\n\t\t\t\t<div class=\"elementor-widget-container\">\n\t\t\t\n        <div class=\"cs-title-wrap text-center\">\t            <div class=\"cs-subtitle-wrap\"><span class=\"cs-subtitle\">aventuras<\/span><\/div>\t            <h4 class=\"cs-title\">\n\t                Cabalgatas\t            <\/h4>\t            <div class=\"cs-title-text\">\n\t                <p>La mejor forma de aventurarse por los rincones de Villa La Angostura. La intensidad de recorrer los senderos patag\u00f3nicos a caballo y disfrutar de una naturaleza impactante conociendo parajes escondidos, arroyos y monta\u00f1as.<br \/>Se organizan recorridos de d\u00eda completo y tambi\u00e9n excursiones de aventura entre los bosques al pie de la Cordillera con campamentos al aire libre que pueden durar varias jornadas.<br \/>Se ofrece el servicio de gu\u00edas especializados.<\/p>\t            <\/div>        <\/div>\t\t<\/div>\n\t\t\t\t<\/div>\n\t\t\t\t\t<\/div>\n\t\t\t\t<\/div>\n\t\t<div class=\"elementor-element elementor-element-9fae7d2 e-flex e-con-boxed e-con e-parent\" data-id=\"9fae7d2\" data-element_type=\"container\" data-settings=\"{&quot;content_width&quot;:&quot;boxed&quot;}\" data-core-v316-plus=\"true\">\n\t\t\t\t\t<div class=\"e-con-inner\">\n\t\t\t\t<div class=\"elementor-element elementor-element-8054b24 elementor-widget elementor-widget-cs_gallery\" data-id=\"8054b24\" data-element_type=\"widget\" data-widget_type=\"cs_gallery.default\">\n\t\t\t\t<div class=\"elementor-widget-container\">\n\t\t\t\n            <div class=\"cs-gallery gap-5 gallery-carousel\" data-column=\"1\" data-fade=\"off\" data-autoplay=\"off\" data-autoplay-speed=\"5000\" data-show-arrows=\"on\" data-show-dots=\"on\" data-variable-width=\"off\" data-overflow-style=\"\" data-center-mode=\"off\">\n                <div class=\"cs-gallery-wrap\">                    <div class=\"cs-gallery-item\"><img decoding=\"async\" src=\"https:\/\/hlospioneros.com.ar\/wp-content\/uploads\/elementor\/thumbs\/cabalgatas_03-qhv9n1qwmx2du4alohu0rfwdnpd997ryutobmcf1l0.jpg\" title=\"cabalgatas_03\" alt=\"cabalgatas_03\" loading=\"lazy\" \/>                    <\/div>                <\/div>\n            <\/div>\t\t<\/div>\n\t\t\t\t<\/div>\n\t\t\t\t\t<\/div>\n\t\t\t\t<\/div>\n\t\t<div class=\"elementor-element elementor-element-38d377f e-flex e-con-boxed e-con e-parent\" data-id=\"38d377f\" data-element_type=\"container\" id=\"IDRafting\" data-settings=\"{&quot;content_width&quot;:&quot;boxed&quot;}\" data-core-v316-plus=\"true\">\n\t\t\t\t\t<div class=\"e-con-inner\">\n\t\t\t\t<div class=\"elementor-element elementor-element-9c5beab elementor-widget elementor-widget-cs_title\" data-id=\"9c5beab\" data-element_type=\"widget\" data-widget_type=\"cs_title.default\">\n\t\t\t\t<div class=\"elementor-widget-container\">\n\t\t\t\n        <div class=\"cs-title-wrap text-center\">\t            <div class=\"cs-subtitle-wrap\"><span class=\"cs-subtitle\">aventuras<\/span><\/div>\t            <h4 class=\"cs-title\">\n\t                Rafting\t            <\/h4>\t            <div class=\"cs-title-text\">\n\t                <p>El rafting es una de las actividades n\u00e1uticas de m\u00e1s v\u00e9rtigo y emoci\u00f3n, los r\u00e1pidos de la Patagonia son uno de los destinos m\u00e1s buscados para los que gustan de la adrenalina.<\/p>\t            <\/div>        <\/div>\t\t<\/div>\n\t\t\t\t<\/div>\n\t\t\t\t\t<\/div>\n\t\t\t\t<\/div>\n\t\t<div class=\"elementor-element elementor-element-3226cdd e-flex e-con-boxed e-con e-parent\" data-id=\"3226cdd\" data-element_type=\"container\" data-settings=\"{&quot;content_width&quot;:&quot;boxed&quot;}\" data-core-v316-plus=\"true\">\n\t\t\t\t\t<div class=\"e-con-inner\">\n\t\t\t\t<div class=\"elementor-element elementor-element-e7a049e elementor-widget elementor-widget-cs_gallery\" data-id=\"e7a049e\" data-element_type=\"widget\" data-widget_type=\"cs_gallery.default\">\n\t\t\t\t<div class=\"elementor-widget-container\">\n\t\t\t\n            <div class=\"cs-gallery gap-5 gallery-carousel\" data-column=\"1\" data-fade=\"off\" data-autoplay=\"off\" data-autoplay-speed=\"5000\" data-show-arrows=\"on\" data-show-dots=\"on\" data-variable-width=\"off\" data-overflow-style=\"\" data-center-mode=\"off\">\n                <div class=\"cs-gallery-wrap\">                    <div class=\"cs-gallery-item\"><img decoding=\"async\" src=\"https:\/\/hlospioneros.com.ar\/wp-content\/uploads\/elementor\/thumbs\/rafting_02-qhv9otnxjnhvrlprb9gngzrq1wm7smtprm1c95s9tw.jpg\" title=\"rafting_02\" alt=\"rafting_02\" loading=\"lazy\" \/>                    <\/div>                <\/div>\n            <\/div>\t\t<\/div>\n\t\t\t\t<\/div>\n\t\t\t\t\t<\/div>\n\t\t\t\t<\/div>\n\t\t<div class=\"elementor-element elementor-element-ec99e5f e-flex e-con-boxed e-con e-parent\" data-id=\"ec99e5f\" data-element_type=\"container\" id=\"IDMountain\" data-settings=\"{&quot;content_width&quot;:&quot;boxed&quot;}\" data-core-v316-plus=\"true\">\n\t\t\t\t\t<div class=\"e-con-inner\">\n\t\t\t\t<div class=\"elementor-element elementor-element-b3284f0 elementor-widget elementor-widget-cs_title\" data-id=\"b3284f0\" data-element_type=\"widget\" data-widget_type=\"cs_title.default\">\n\t\t\t\t<div class=\"elementor-widget-container\">\n\t\t\t\n        <div class=\"cs-title-wrap text-center\">\t            <div class=\"cs-subtitle-wrap\"><span class=\"cs-subtitle\">Aventuras<\/span><\/div>\t            <h4 class=\"cs-title\">\n\t                Mountain bike\t            <\/h4>\t            <div class=\"cs-title-text\">\n\t                <p>La mejor manera de aventurarse por todos los circuitos que conducen hasta los rincones menos explorados de la Cordillera.<br \/>El ciclismo de monta\u00f1a se convirti\u00f3 en una de las opciones m\u00e1s elegidas por los turistas que llegan a esta regi\u00f3n. En forma individual o en grupos organizados, las posibilidades son muchas, para todos los gustos y todas las edades.<\/p>\t            <\/div>        <\/div>\t\t<\/div>\n\t\t\t\t<\/div>\n\t\t\t\t\t<\/div>\n\t\t\t\t<\/div>\n\t\t<div class=\"elementor-element elementor-element-739ab1a e-flex e-con-boxed e-con e-parent\" data-id=\"739ab1a\" data-element_type=\"container\" data-settings=\"{&quot;content_width&quot;:&quot;boxed&quot;}\" data-core-v316-plus=\"true\">\n\t\t\t\t\t<div class=\"e-con-inner\">\n\t\t\t\t<div class=\"elementor-element elementor-element-0266a03 elementor-widget elementor-widget-cs_gallery\" data-id=\"0266a03\" data-element_type=\"widget\" data-widget_type=\"cs_gallery.default\">\n\t\t\t\t<div class=\"elementor-widget-container\">\n\t\t\t\n            <div class=\"cs-gallery gap-5 gallery-carousel\" data-column=\"1\" data-fade=\"off\" data-autoplay=\"off\" data-autoplay-speed=\"5000\" data-show-arrows=\"on\" data-show-dots=\"on\" data-variable-width=\"off\" data-overflow-style=\"\" data-center-mode=\"off\">\n                <div class=\"cs-gallery-wrap\">                    <div class=\"cs-gallery-item\"><img decoding=\"async\" src=\"https:\/\/hlospioneros.com.ar\/wp-content\/uploads\/elementor\/thumbs\/mountainbike_04-qhv9qmisn7yo0p3jsjhwr1ej1hqjjqz70j1ud943wk.jpg\" title=\"mountainbike_04\" alt=\"mountainbike_04\" loading=\"lazy\" \/>                    <\/div>                <\/div>\n            <\/div>\t\t<\/div>\n\t\t\t\t<\/div>\n\t\t\t\t<div class=\"elementor-element elementor-element-26ad958 elementor-widget elementor-widget-cs_title\" data-id=\"26ad958\" data-element_type=\"widget\" data-widget_type=\"cs_title.default\">\n\t\t\t\t<div class=\"elementor-widget-container\">\n\t\t\t\n        <div class=\"cs-title-wrap text-center\">\t            <div class=\"cs-subtitle-wrap\"><span class=\"cs-subtitle\">aventuras<\/span><\/div>\t            <h4 class=\"cs-title\">\n\t                Canopy\t            <\/h4>\t            <div class=\"cs-title-text\">\n\t                <p>Canopy<\/p>\t            <\/div>        <\/div>\t\t<\/div>\n\t\t\t\t<\/div>\n\t\t\t\t\t<\/div>\n\t\t\t\t<\/div>\n\t\t<div class=\"elementor-element elementor-element-8d14304 e-flex e-con-boxed e-con e-parent\" data-id=\"8d14304\" data-element_type=\"container\" id=\"IDCanopy\" data-settings=\"{&quot;content_width&quot;:&quot;boxed&quot;}\" data-core-v316-plus=\"true\">\n\t\t\t\t\t<div class=\"e-con-inner\">\n\t\t\t\t\t<\/div>\n\t\t\t\t<\/div>\n\t\t<div class=\"elementor-element elementor-element-2a311a3 e-flex e-con-boxed e-con e-parent\" data-id=\"2a311a3\" data-element_type=\"container\" data-settings=\"{&quot;content_width&quot;:&quot;boxed&quot;}\" data-core-v316-plus=\"true\">\n\t\t\t\t\t<div class=\"e-con-inner\">\n\t\t\t\t<div class=\"elementor-element elementor-element-2bb3759 elementor-widget elementor-widget-cs_gallery\" data-id=\"2bb3759\" data-element_type=\"widget\" data-widget_type=\"cs_gallery.default\">\n\t\t\t\t<div class=\"elementor-widget-container\">\n\t\t\t\n            <div class=\"cs-gallery gap-5 gallery-carousel\" data-column=\"1\" data-fade=\"off\" data-autoplay=\"off\" data-autoplay-speed=\"5000\" data-show-arrows=\"on\" data-show-dots=\"on\" data-variable-width=\"off\" data-overflow-style=\"\" data-center-mode=\"off\">\n                <div class=\"cs-gallery-wrap\">                    <div class=\"cs-gallery-item\"><img decoding=\"async\" src=\"https:\/\/hlospioneros.com.ar\/wp-content\/uploads\/elementor\/thumbs\/canopy_02-qhv9t023x57rd7nax2gyjxth3k0y07eroaf11fla6c.jpg\" title=\"canopy_02\" alt=\"canopy_02\" loading=\"lazy\" \/>                    <\/div>                <\/div>\n            <\/div>\t\t<\/div>\n\t\t\t\t<\/div>\n\t\t\t\t\t<\/div>\n\t\t\t\t<\/div>\n\t\t\t\t\t\t\t<\/div>\n\t\t","protected":false},"excerpt":{"rendered":"<p>aventuras Kayak La gran mayor\u00eda de los r\u00edos y lagos de la regi\u00f3n son aptos para la canoa y el kayak, prefiri\u00e9ndose el kayak para r\u00edos r\u00e1pidos y la canoa para navegaci\u00f3n en lagos y r\u00edos de menor corriente. En invierno y primavera son las estaciones en las que hay m\u00e1s caudal de agua que &#8230;<\/p>\n","protected":false},"author":1,"featured_media":0,"parent":0,"menu_order":0,"comment_status":"closed","ping_status":"closed","template":"template-fullwidth.php","meta":{"cozystay_single_page_hide_site_header":"","cozystay_single_page_site_header_source":"","cozystay_single_page_custom_site_header":"0","cozystay_single_page_custom_sticky_site_header":"0","cozystay_single_page_hide_page_title":"on","cozystay_single_page_header_section_size":"","cozystay_single_page_header_background_color":"","cozystay_single_page_header_background_position_x":"center","cozystay_single_page_header_background_position_y":"center","cozystay_single_page_header_background_size":"cover","cozystay_single_page_header_background_repeat":"off","cozystay_single_page_header_background_scroll":"on","cozystay_single_page_header_text_color":"","cozystay_single_page_header_show_breadcrumb":"","cozystay_single_page_site_footer_hide_main":"","cozystay_single_custom_site_footer_main_source":"","cozystay_single_custom_site_footer_main":"0","cozystay_single_page_site_footer_hide_above":"","cozystay_single_custom_site_footer_above_source":"","cozystay_single_custom_site_footer_above":"0","cozystay_single_page_site_footer_hide_instagram":"","cozystay_single_page_site_footer_hide_bottom":"","cozystay_single_custom_mobile_menu_source":"","cozystay_single_custom_mobile_menu":"0","cozystay_single_custom_mobile_menu_animation":"","cozystay_single_custom_mobile_menu_width":"","cozystay_single_custom_mobile_menu_custom_width":375,"footnotes":""},"class_list":["post-1935","page","type-page","status-publish","hentry"],"_links":{"self":[{"href":"https:\/\/hlospioneros.com.ar\/index.php\/wp-json\/wp\/v2\/pages\/1935","targetHints":{"allow":["GET"]}}],"collection":[{"href":"https:\/\/hlospioneros.com.ar\/index.php\/wp-json\/wp\/v2\/pages"}],"about":[{"href":"https:\/\/hlospioneros.com.ar\/index.php\/wp-json\/wp\/v2\/types\/page"}],"author":[{"embeddable":true,"href":"https:\/\/hlospioneros.com.ar\/index.php\/wp-json\/wp\/v2\/users\/1"}],"replies":[{"embeddable":true,"href":"https:\/\/hlospioneros.com.ar\/index.php\/wp-json\/wp\/v2\/comments?post=1935"}],"version-history":[{"count":143,"href":"https:\/\/hlospioneros.com.ar\/index.php\/wp-json\/wp\/v2\/pages\/1935\/revisions"}],"predecessor-version":[{"id":4036,"href":"https:\/\/hlospioneros.com.ar\/index.php\/wp-json\/wp\/v2\/pages\/1935\/revisions\/4036"}],"wp:attachment":[{"href":"https:\/\/hlospioneros.com.ar\/index.php\/wp-json\/wp\/v2\/media?parent=1935"}],"curies":[{"name":"wp","href":"https:\/\/api.w.org\/{rel}","templated":true}]}}